15 + -1 - (86 + -64 + -46).
8
16 - (-11 + 4 - -15 - 5) - 0
13
Evaluate -142 + 94 + -80 - -50.
-78
Evaluate -91 - ((-5 - -2 - (93 - 94)) + -4 + 0).
-85
-36 + (-606 + 624 - (-22 + 2))
2
What is 56 - (-46 + 71) - -8?
39
What is the value of 257 - 246 - (-1 + -9)?
21
What is (75 - 0) + 18 + -19 + 11 + 27 + -34?
78
Calculate 10 - (-64 - -48 - (-33 - 0)).
-7
-31 - (25 - 49) - (-12 - -10) - (110 - -2)
-117
Evaluate (34 + -18 - 5) + 2 - 43.
-30
Evaluate 3 + (10 - 2) + -1 + -64 + 31.
-23
What is -37 - -5 - 18 - -95?
45
What is 4 + 6 - (-4 + 2 + -64) - 5?
71
Evaluate (-93 - -91) + 2 + -2 + -65 + 18.
-49
-2 - -26 - 24 - ((-1 - 4) + 33 - 0)
-28
-76 - (0 + 0 - (216 - 209) - -3)
-72
What is the value of 7 - 22 - (-84 + (-5 - -20))?
54
What is the value of -10 - 8 - (0 + -44 + 13)?
13
What is the value of -183 + -47 + 136 - (38 + 3)?
-135
Evaluate 12 + (44 - (-13 - 9 - -46)).
32
What is the value of -6 + 2 + (24 - 5) + (22 - 7 - 5)?
25
(-114 - (-21 + -67)) + 71
45
(-19 - (-17 + 0)) + (7 - 0 - (7 - 9))
7
Calculate -11 - 10 - (12 - (30 - -20)).
17
What is 9 - (9 + 114 - -13 - (-3 - (-17 + 17)))?
-130
What is the value of (0 + 14 - 2) + (152 - 147)?
17
Evaluate (83 - 5) + (-9 - (-24 - -29)).
64
What is the value of 105 - (65 - 9) - 50?
-1
What is the value of 17 - (-10 - (6 + (11 - 8)))?
36
What is the value of 153 + 3 - (51 + (-157 - -153))?
109
Calculate -1 - 14 - (-122 + 12 - -91).
4
-1 - -43 - ((-7 - 25) + 20 + 18)
36
What is (116 - (-140 - -290)) + (-1 - -11)?
-24
(208 + -190 - (0 - -5)) + 12
25
What is -164 + 164 + (55 + -1 - -1) - (-9 + 13)?
51
Calculate 156 + -54 + -30 - 54.
18
Evaluate 1 + 48 + -2222 + 2131.
-42
What is -4 - (-67 - -121 - (-3 + 18 + -4))?
-47
Evaluate (74 - 61) + -93 + 10.
-70
What is the value of (22 + (-8 - 27) - (-2 - 1)) + -7?
-17
What is 8 - (20 + -106 - -173)?
-79
What is the value of -16 + 14 + -40 - (-5 + (2 - 5) + -1)?
-33
Evaluate -2 + (-11 - (-7 + (-9 - (12 - 19)))) - -8.
4
What is 143 + -93 + 35 + 8 + -14?
79
-38 - (111 + -226) - 115
-38
-79 + 14 + (-9 - ((-31 - -10) + 7))
-60
Calculate (-22 - -62) + 41 + -49.
32
(145 + -152 - (-1 + -7) - (0 + -7)) + -1
7
What is the value of -23 + (15 - -16) - (19 - 1) - 70?
-80
-99 + (97 - -39 - -2)
39
(15 - -2) + (-19 + 60 - 55)
3
What is the value of (4 - -9) + 11 + 2 + 16?
42
Calculate -4 - (-8 - (-12 + (8 - (-3 + (-10 - -11))))).
2
What is the value of (-1 + 4 + -1 - (12 + -33 + -20)) + -8?
35
Evaluate 49 - (13 - (3 - 5)) - (33 - 43).
44
Calculate 56 - (-29 + 53 - (7 - -7 - -27)).
73
What is the value of (-44 - -4) + 256 + -189?
27
Evaluate -377 + 286 - ((17 - 19) + -8 + 3 + -5).
-79
Calculate -3 - -2 - (6758 + -6765).
6
What is 62 + ((12 - -1) + -45 - -14)?
44
Calculate (8 - (-3 - -6)) + (-12 - (-30 + 19)) - -44.
48
What is (-76 - -50) + (-5 - (7 - -6))?
-44
Calculate -15 - (0 + (32 - 13)) - 8.
-42
What is (-1 - (-1 + 4) - (-1768 - -1770)) + 3 - -2?
-1
What is -59 - (111 + -53) - 26?
-143
Calculate (-1 - 5) + (11 - (-171 + 160 - (-14 - 1))).
1
What is -26 + 12 + (-17 - -44) + 1 + -13 + -1?
0
Calculate 3 + -24 + (24 - -19) - -24.
46
(4 - 31) + 21 - ((7 - 2) + -82)
71
What is the value of -74 + (29 - -9 - 64) + 9 + 2?
-89
Evaluate 34 + 14 + (-1 - -34 - 23).
58
What is (-49 - (50 - 109)) + -46?
-36
14 + (2 - 16 - -38) - (10 + -1)
29
Calculate 67 - (-18 - -10) - (11 - 19 - -16).
67
7 + -37 + (4 - 7) + -8 - (17 + -9)
-49
Calculate 9 + 9 + -6 + -14 + 35 + -13.
20
What is the value of -49 - (-17 + 17 + -63)?
14
Calculate -4002 + 3952 + 103 + 2.
55
Calculate (-48 - -24) + 6 + -1 + -16.
-35
What is the value of -1 + -54 + (-72 + 124 - 46)?
-49
What is the value of -97 - (-54 - (-47 - -38))?
-52
-19 - (50 - 58 - 8)
-3
Evaluate 11 - (2 - 4) - (3558 + -3535).
-10
Evaluate (-48 - (-6 - (-10 - -5))) + 7 + -19 + 7.
-52
What is the value of 2 - 45 - (-20 + 21 - 6) - 7?
-45
Calculate 3 + (0 - 14) + -1 + 6.
-6
What is 81 + -11 + -198 - -53?
-75
What is 1 + -5 - (-20 - (-64 - (-3 + -18)))?
-27
What is (3 + 7 - 29) + -11 + 14?
-16
Evaluate (1010 - 1077) + 2 + 60.
-5
What is the value of 94 - (-68 - (-62 - 21))?
79
Evaluate 3 + 10 + -18 + (22 - 36) - 46.
-65
What is 6 + (56 - 31) + (0 + -3 - (8 - 9))?
29
What is (-3 - -5 - (-2 + 0)) + (-158 - -168)?
14
What is (-64 - -10 - -43 - (4 + -6 - 17)) + -117?
-109
Calculate 109 + -63 + -42 - 43.
-39
Evaluate (-11 - 0 - (47 + -40 - 44)) + -17.
9
What is the value of -16 - (72 + (-92 - -28))?
-24
Evaluate -12907 + 12833 - (-47 - 1).
-26
What is -18 + -1 + (174 - 104) + 5?
56
What is the value of -46 + 14 - (2 - 0 - 21) - 5?
-18
Calculate (1 - -2 - (20 + 13)) + (-183 - -192).
-21
(-3 - 28) + -39 - (10 - -11)
-91
What is (-107 + -70 - -183) + (2 - (-2 - 1 - 117))?
128
What is the value of 4 + (-17 + 25 - (44 - 41 - (0 - 2)))?
7
What is the value of -24 - (0 + (-19 - -33) + -59)?
21
Calculate 3 - (38 + (23 - 9 - (-13 - 1 - -18))).
-45
Evaluate -5 - (-26 + 66 - 40).
-5
Calculate (15 - (54 + -44)) + -10.
-5
Calculate 0 + -62 + ((30 - 19) + -30 - -17 - 0).
-64
Calculate (-23 + -1 - (8 - (32 + 101))) + 2.
103
Evaluate (90 - 6) + (13 - (-9 + 15 + 9)).
82
Evaluate -22 + (12 - ((10 - 25) + 5)).
0
-9 - (-55 + 0 + 41 - 88)
93
What is the value of 15 - (50 - 10 - -9 - (-74 - -59))?
-49
-44 + (-6 - 0 - (11 + -20) - -3)
-38
What is (-25 - -1) + -65 + 65 + 17?
-7
Calculate 31 + (13 - 20 - -24 - 7) - 11.
30
(36 - -2) + -20 - (0 + 48)
-30
Evaluate -507 + 511 - (-4 + 4 - (4 + -2) - 56).
62
Calculate -5 + (79 - 33 - -13 - -32).
86
Calculate (0 + 22 - 0) + (78 - (5 + 0)).
95
15 + 16 + -14 + -5 + 66 + -3
75
Calculate (20 - 27) + -1 + -50 + 52 + -48 + 0.
-54
Calculate 57 - 20 - (7 - 4 - 1).
35
What is -78 - (11 + -8 + -15 + -13)?
-53
Evaluate 17 - (3 - 4) - (-285 - -299).
4
What is -29 + (0 - -3 - (-9 - (-23 - -23)))?
-17
Calculate 3 + -8 + (-36 - -54).
13
What is the value of (13 + 2 - ((48 - 20) + -10)) + (-1 - -9)?
5
Calculate (27 - 9) + (-3 - (-8 - (3 + -4))) - 6.
16
What is the value of (-48 - -15) + -14 + 6?
-41
Evaluate (-51 - -58) + -28 - (-65 - -5).
39
Evaluate 29 + 0 + 13 + (-7 - (-27 + 29)).
33
What is the value of -347 + 340 + ((2 - -2) + -6 - -10)?
1
18 + (65 - 71) + -1 + -9 + 17
19
Calculate (-7 - -1) + 31 + -5 + -1 + (318 - 321).
16
Evaluate 46 + -21 - 54 - (-2 - (5 - 11)).
-33
Calculate -160 - (-193 + 13) - (-8 + 0).
28
What is 10315 - 10493 - (-92 - 0)?
-86
(-23 - 0 - -14 - -3) + 2
-4
What is the value of (8 - -5) + (2 - (36 - (-9 + 19))) + -35?
-46
What is the value of (-16 + 61 + -45 - (-50 - (-2 + 5))) + 8?
61
What is (-475 - -441) + 27 + 0?
-7
Evaluate -10 + (-51 + 89 - (17 - 2)).
13
Evaluate -7 - ((23 - 24 - -5) + 6 + (1 - 69)).
51
What is (27 - 3) + (-8 - (-5 - (15 + (-8 - 11))))?
17
What is (38 - (80 - 32)) + (4 - -27)?
21
Evaluate (11 + -6 - (-18 - -15)) + -8 + 1 + 49.
50
Evaluate 11 + (-26 - -66 - 12).
39
Evaluate 84 + -51 - (30 + -8 + 5).
6
What is the value of -6 + -3 + 17 - (-12 - (-13 + 18 - 16))?
9
What is the value of 4 + 3 - (-408 - -439)?
-24
Calculate -4 - (-82 - 2 - (-65 + 87 + -21)).
81
(45 - (-60 - -120)) + 6
-9
What is (-10 - 3) + (-32 - -39) + (1 - 47)?
-52
What is -71 + 74 + 13 + 1 + 18?
35
-4 + (-2 - 0) + (-3 - -10) - (17 - 0)
-16
56 + (0 - -1) + 2153 + -2187
23
Calculate -50 + -151 + 62 + 74.
-65
Evaluate (5 - 19 - (-22 + 9 - 1)) + 0 + -75.
-75
(-49 - (-2 - 0)) + 3 - (1425 - 1433)
-36
114 - 111 - (-7 + (2 - -69))
-61
Calculate -72 + 16 + 3 + -51.
-104
What is (82 - (-56 + 71)) + -3 + -4 + 14?
74
0 - (-5 + -6 + 4) - (110 - 136)
33
(-1623 - -1545) + (142 - 0)
64
What is the value of -63 - (-33 - -5) - -72?
37
(-15 - -5) + (-7 + 6 - -92 - (20 - 14))
75
What is (2 - 9 - -15) + 25 + -5 - (43 - 53)?
38
What is -93 + (16 - (-166 - -55))?
34
Evaluate -7 - (-3 + -25 + 12) - (-37 + 7 + -4).
43
11 + 5 + 8 + -37 + (3 - 21)
-31
What is the value of ((-1 - -2) + -1 - (-57 - -54)) + (-35 - -54)?
22
Calculate -4 + ((3 + -1 - 1) + -14 - (-134 + 13)).
104
Calculate 17 + (-3 + -3 - (1 - 82)) + 0 + -4.
88
(13 - (-77 - 4)) + (4 - 1 - -3 - 8)
92
Evaluate -1 - (3 - (3 + -1) - ((37 - 8) + 10)).
37
Evaluate 19 - (-10 + 25 + 3) - (53 - -14).
-66
-16 + -2 - (-289 - -284) - (9 - -1)
-23
What is 11590 + -11634 + -2 + 125?
79
What is (32 - 0) + (-1 - (-3 + -43) - 59)?
18
Evaluate 79 + -40 + (-15 - -11).
35
What is -5 + 22 + -40 + 33?
10
10 + -11 + 5 - ((0 - 6) + -1) - 